n 2909767 is divided by 969921?
4
What is the remainder when 17102644 is divided by 198?
196
What is the remainder when 1671810 is divided by 6907?
316
What is the remainder when 1859946 is divided by 42271?
22
What is the remainder when 1438102 is divided by 10421?
4
Calculate the remainder when 1368800 is divided by 670.
660
What is the remainder when 3091 is divided by 8?
3
Calculate the remainder when 3226020 is divided by 3518.
14
What is the remainder when 34223497 is divided by 51?
49
What is the remainder when 2322111153 is divided by 964?
961
What is the remainder when 57239729 is divided by 38?
25
What is the remainder when 15726 is divided by 1682?
588
Calculate the remainder when 14546314 is divided by 559473.
16
Calculate the remainder when 78962 is divided by 18731.
4038
What is the remainder when 112186268 is divided by 4768?
4764
Calculate the remainder when 224259 is divided by 224153.
106
Calculate the remainder when 11306484 is divided by 10.
4
What is the remainder when 2278037 is divided by 8314?
1
Calculate the remainder when 42835099 is divided by 1326.
1321
Calculate the remainder when 191040 is divided by 38201.
35
What is the remainder when 112842 is divided by 705?
42
Calculate the remainder when 287825 is divided by 1460.
205
Calculate the remainder when 4897678 is divided by 21481.
10
What is the remainder when 1103726 is divided by 11739?
260
What is the remainder when 11874229 is divided by 60?
49
Calculate the remainder when 451592725 is divided by 134.
129
What is the remainder when 5232415 is divided by 784?
783
Calculate the remainder when 584080 is divided by 1173.
1099
What is the remainder when 687058 is divided by 137396?
78
Calculate the remainder when 60180496 is divided by 353.
350
Calculate the remainder when 8761476 is divided by 8761412.
64
What is the remainder when 69266 is divided by 3411?
1046
What is the remainder when 975038 is divided by 359?
353
What is the remainder when 98453193 is divided by 7?
6
Calculate the remainder when 67943 is divided by 1787.
37
Calculate the remainder when 558545 is divided by 42948.
221
Calculate the remainder when 980418 is divided by 97985.
568
Calculate the remainder when 191792 is divided by 9105.
587
What is the remainder when 54441732 is divided by 1773?
1767
Calculate the remainder when 6159 is divided by 100.
59
Calculate the remainder when 48176697 is divided by 825.
822
Calculate the remainder when 64527950 is divided by 489.
488
Calculate the remainder when 136326508 is divided by 2036.
20
Calculate the remainder when 16827844 is divided by 269.
11
What is the remainder when 100169471 is divided by 35?
31
Calculate the remainder when 161856 is divided by 6167.
1514
Calculate the remainder when 260091 is divided by 52017.
6
What is the remainder when 14368 is divided by 7105?
158
Calculate the remainder when 71808364 is divided by 598403.
4
What is the remainder when 534570 is divided by 2857?
311
What is the remainder when 59304 is divided by 7547?
6475
Calculate the remainder when 66786063 is divided by 907.
25
What is the remainder when 2159075 is divided by 372?
359
What is the remainder when 311310 is divided by 7979?
129
What is the remainder when 1354070 is divided by 34?
20
Calculate the remainder when 1510273 is divided by 248.
201
Calculate the remainder when 44983 is divided by 1615.
1378
What is the remainder when 11479075 is divided by 3?
1
Calculate the remainder when 1174894 is divided by 105.
49
What is the remainder when 28432280 is divided by 16?
8
Calculate the remainder when 420350457 is divided by 1966.
1963
What is the remainder when 27134 is divided by 2004?
1082
What is the remainder when 5679992 is divided by 10538?
10
What is the remainder when 64820185 is divided by 599?
598
What is the remainder when 74633182 is divided by 108?
106
Calculate the remainder when 558183 is divided by 1905.
18
Calculate the remainder when 9536413 is divided by 9536362.
51
What is the remainder when 1431335 is divided by 295?
290
What is the remainder when 287754 is divided by 1934?
1522
Calculate the remainder when 62906 is divided by 608.
282
What is the remainder when 55688291 is divided by 514?
503
What is the remainder when 292083 is divided by 3319?
11
Calculate the remainder when 30382716 is divided by 48.
12
Calculate the remainder when 1158512 is divided by 35103.
113
Calculate the remainder when 6181907 is divided by 329.
326
Calculate the remainder when 472204 is divided by 2512.
2460
What is the remainder when 29587137 is divided by 18?
15
What is the remainder when 1559414 is divided by 222770?
24
What is the remainder when 240793 is divided by 3124?
245
What is the remainder when 10698895 is divided by 25?
20
Calculate the remainder when 79459 is divided by 2257.
464
Calculate the remainder when 12236 is divided by 568.
308
Calculate the remainder when 1318255 is divided by 24.
7
Calculate the remainder when 457090 is divided by 228544.
2
What is the remainder when 160419438 is divided by 335?
333
What is the remainder when 219372 is divided by 1939?
265
What is the remainder when 14093179 is divided by 309?
307
What is the remainder when 11990380 is divided by 13?
12
What is the remainder when 66290396 is divided by 4400?
4396
Calculate the remainder when 2353415 is divided by 312.
311
What is the remainder when 125629 is divided by 2083?
649
What is the remainder when 664168 is divided by 5432?
1464
What is the remainder when 755435 is divided by 41960?
155
What is the remainder when 234178791 is divided by 389?
13
What is the remainder when 1817567 is divided by 292?
159
What is the remainder when 566439 is divided by 407?
302
Calculate the remainder when 33111017 is divided by 120843.
35
Calculate the remainder when 10480476 is divided by 1047.
6
Calculate the remainder when 994195 is divided by 497087.
21
What is the remainder when 3836711 is divided by 1278785?
356
What is the remainder when 3804565 is divided by 1148?
93
What is the remainder when 559849 is divided by 194?
159
Calculate the remainder when 3946743 is divided by 186.
9
What is the remainder when 7008255 is divided by 58?
57
What is the remainder when 137272103 is divided by 6?
5
What is the remainder when 5669440 is divided by 1306?
94
Calculate the remainder when 214339 is divided by 50.
39
What is the remainder when 869055 is divided by 1479?
882
Calculate the remainder when 87487 is divided by 43739.
9
Calculate the remainder when 2590876 is divided by 836.
112
What is the remainder when 2102909 is divided by 1816?
1797
Calculate the remainder when 23473078 is divided by 206.
202
What is the remainder when 73186 is divided by 2813?
48
What is the remainder when 46463591 is divided by 23231790?
11
Calculate the remainder when 87466395 is divided by 7951489.
16
Calculate the remainder when 2642836 is divided by 44792.
108
What is the remainder when 148396363 is divided by 1501?
1499
What is the remainder when 70778 is divided by 616?
554
Calculate the remainder when 1175984 is divided by 24.
8
What is the remainder when 209439318 is divided by 335?
333
What is the remainder when 66187286 is divided by 4313?
4301
Calculate the remainder when 465277 is divided by 7633.
7297
Calculate the remainder when 4277 is divided by 3872.
405
Calculate the remainder when 3195140 is divided by 18.
14
What is the remainder when 30464597 is divided by 88?
53
Calculate the remainder when 2458943 is divided by 47.
44
Calculate the remainder when 1065141 is divided by 177500.
141
Calculate the remainder when 8295 is divided by 3184.
1927
What is the remainder when 657677 is divided by 7559?
44
Calculate the remainder when 1101325 is divided by 5342.
873
Calculate the remainder when 2961470 is divided by 3534.
3512
Calculate the remainder when 69302518 is divided by 1335.
1333
What is the remainder when 37174827 is divided by 818?
817
Calculate the remainder when 2154085 is divided by 524.
445
What is the remainder when 65397602 is divided by 7032?
2
Calculate the remainder when 90776 is divided by 751.
656
Calculate the remainder when 973795 is divided by 486818.
159
Calculate the remainder when 171086 is divided by 3109.
91
What is the remainder when 11563 is divided by 17?